{"id":88,"date":"2021-01-23T20:38:16","date_gmt":"2021-01-23T19:38:16","guid":{"rendered":"https:\/\/www.recyclingkunststoff.at\/cms\/?post_type=product&#038;p=88"},"modified":"2021-01-31T03:35:52","modified_gmt":"2021-01-31T02:35:52","slug":"hohlkehlpalisade","status":"publish","type":"product","link":"https:\/\/www.recyclingkunststoff.at\/cms\/produkt\/hohlkehlpalisade\/","title":{"rendered":"Hohlkehlpalisade"},"content":{"rendered":"","protected":false},"excerpt":{"rendered":"<p>Hohlprofil<\/p>\n<p>Produktinfo<br \/>\nFarbe: grau\/ braun<br \/>\n\u00d8 6,8 x L\u00e4nge: 30, 40cm<br \/>\n\u00d8 11 x L\u00e4nge: 40, 60, 80, 100cm<br \/>\n\u00d8 13 x L\u00e4nge: 40, 60, 80, 100cm<br \/>\n\u00d8 16 x L\u00e4nge: 40, 60, 80, 100cm<br \/>\n\u00d8 20 x L\u00e4nge: 40, 60, 80, 100cm<\/p>\n<p>Vollprofil<\/p>\n<p>Produktinfo<br \/>\nFarbe: grau\/ braun\/ schwarz<br \/>\n\u00d8 6,8 x L\u00e4nge: 60cm<br \/>\n\u00d8 11 x L\u00e4nge: 120, 140, 160, 180cm<br \/>\n\u00d8 13 x L\u00e4nge: 120, 150, 180cm<br \/>\n\u00d8 16 x L\u00e4nge: 120, 150, 180cm<br \/>\n\u00d8 20 x L\u00e4nge: 120, 150, 175, 200, 225, 250cm<\/p>\n<p>\u00bb Gefaster Palisadenkopf<br \/>\n\u00bb Viele Palisaden als Hohlprofil lieferbar<br \/>\n\u00bb Trendfarbe Schwarz bei ausgew\u00e4hlten Gr\u00f6\u00dfen erh\u00e4ltlich<br \/>\n\u00bb Hangbefestigung<br \/>\nHinweis: Nicht alle Abmessungen sind zur Hangbefestigung vorgesehen.<br \/>\nLassen Sie sich im Zweifelsfall beraten.<\/p>\n","protected":false},"featured_media":291,"template":"","meta":[],"product_brand":[],"product_cat":[16],"product_tag":[],"class_list":{"0":"post-88","1":"product","2":"type-product","3":"status-publish","4":"has-post-thumbnail","6":"product_cat-garten-konstruktion","8":"first","9":"instock","10":"shipping-taxable","11":"product-type-simple"},"_links":{"self":[{"href":"https:\/\/www.recyclingkunststoff.at\/cms\/wp-json\/wp\/v2\/product\/88","targetHints":{"allow":["GET"]}}],"collection":[{"href":"https:\/\/www.recyclingkunststoff.at\/cms\/wp-json\/wp\/v2\/product"}],"about":[{"href":"https:\/\/www.recyclingkunststoff.at\/cms\/wp-json\/wp\/v2\/types\/product"}],"wp:featuredmedia":[{"embeddable":true,"href":"https:\/\/www.recyclingkunststoff.at\/cms\/wp-json\/wp\/v2\/media\/291"}],"wp:attachment":[{"href":"https:\/\/www.recyclingkunststoff.at\/cms\/wp-json\/wp\/v2\/media?parent=88"}],"wp:term":[{"taxonomy":"product_brand","embeddable":true,"href":"https:\/\/www.recyclingkunststoff.at\/cms\/wp-json\/wp\/v2\/product_brand?post=88"},{"taxonomy":"product_cat","embeddable":true,"href":"https:\/\/www.recyclingkunststoff.at\/cms\/wp-json\/wp\/v2\/product_cat?post=88"},{"taxonomy":"product_tag","embeddable":true,"href":"https:\/\/www.recyclingkunststoff.at\/cms\/wp-json\/wp\/v2\/product_tag?post=88"}],"curies":[{"name":"wp","href":"https:\/\/api.w.org\/{rel}","templated":true}]}}

<p>Hohlprofil</p>
<p>Produktinfo<br />
Farbe: grau/ braun<br />
Ø 6,8 x Länge: 30, 40cm<br />
Ø 11 x Länge: 40, 60, 80, 100cm<br />
Ø 13 x Länge: 40, 60, 80, 100cm<br />
Ø 16 x Länge: 40, 60, 80, 100cm<br />
Ø 20 x Länge: 40, 60, 80, 100cm</p>
<p>Vollprofil</p>
<p>Produktinfo<br />
Farbe: grau/ braun/ schwarz<br />
Ø 6,8 x Länge: 60cm<br />
Ø 11 x Länge: 120, 140, 160, 180cm<br />
Ø 13 x Länge: 120, 150, 180cm<br />
Ø 16 x Länge: 120, 150, 180cm<br />
Ø 20 x Länge: 120, 150, 175, 200, 225, 250cm</p>
<p>» Gefaster Palisadenkopf<br />
» Viele Palisaden als Hohlprofil lieferbar<br />
» Trendfarbe Schwarz bei ausgewählten Größen erhältlich<br />
» Hangbefestigung<br />
Hinweis: Nicht alle Abmessungen sind zur Hangbefestigung vorgesehen.<br />
Lassen Sie sich im Zweifelsfall beraten.</p>
